ulate the highest common divisor of v and 63.
63
Let d(h) = -9*h**3 - 2*h**2 - 2*h - 3. Let w be d(-2). Suppose -301*b - 4629 + 8643 = -15551. Calculate the greatest common factor of b and w.
65
Let y(c) = 101*c**2 - 11*c + 120. Let r be y(5). Calculate the greatest common divisor of 185 and r.
185
Suppose -k = k - 462. Suppose 2*u = 13*u - k. Let s = 43 - u. Calculate the highest common factor of s and 220.
22
Let j be (-58)/261 + (-38)/(-9). Let v(d) = 6*d**2 - 4*d + 5. Let q be v(j). Calculate the highest common divisor of q and 34.
17
Let c = 791 + -512. Let a = 6 + -3. Suppose 4*d = -a*i + c, 6*i - i = 25. Calculate the highest common divisor of 6 and d.
6
Let s be 89662/34 + 4668/204 + -23. Calculate the greatest common divisor of s and 36.
9
Suppose -23296 = 87*y - 119*y. Calculate the greatest common factor of y and 616.
56
Let r = 4105 + -4091. Calculate the greatest common divisor of r and 126.
14
Let d(m) = -124*m - 42. Let k be d(5). Let o = 968 + k. Calculate the highest common factor of o and 17.
17
Let c = -3405 + 3769. What is the greatest common factor of c and 7?
7
Suppose 0 = 2*o + 5*d - 75, 0 = 4*o + o - 5*d - 205. Let g = 47039 - 47034. Calculate the greatest common factor of o and g.
5
Let v = -21 + 35. Let y be -2*1/(-10 + 11). Let o be (1/y + (-7)/v)*-20. What is the greatest common factor of 10 and o?
10
Suppose 40*i = 19*i + 357. Let l = 148 + 73. What is the highest common divisor of l and i?
17
Let m(c) = -c**3 + 44*c**2 + 610*c - 58. Let o be m(51). Calculate the highest common divisor of 35 and o.
35
Suppose 17*w - 39 - 267 = 0. Suppose 3*s + 5*i + 14 = 0, -16*s + w*s - 24 = 5*i. What is the highest common divisor of s and 5?
1
Let s(t) = -7*t - 39. Suppose 6*v - 8*v - 24 = 0. Let j be s(v). Let d be -9*(-4 + (-6)/(-9)). What is the highest common factor of d and j?
15
Let k(c) = -c**3 - 4*c**2 + 21*c + 1. Suppose w - 3*o + 4 = 0, -5*o = -12 + 17. Let n be k(w). What is the highest common factor of n and 1?
1
Suppose t = 5*t - 432. Let u be (-1)/(0 - 2/t). Suppose 0 = 16*o + 7*o + 4*o - 486. What is the highest common factor of u and o?
18
Suppose -39*p - 126 = 69. Let c be (744/(-155))/(p/(800/6)). What is the highest common factor of c and 4?
4
Let u be ((-4)/(-6))/1*789. Suppose 0 = -4*x - 3*c + c + 706, 3*x - 2*c - u = 0. Let y = -4254 + 4270. Calculate the greatest common factor of x and y.
16
Suppose 3069 = -40409*c + 40418*c. Calculate the greatest common factor of c and 155.
31
Suppose 3*b + 1077 = 6*b. Let m = 499 - b. Calculate the greatest common divisor of m and 10.
10
Suppose 93*q - 40*q = 41*q + 1248. What is the highest common factor of 5200 and q?
104
Let l(w) = w**2 + 8*w + 11. Let b be l(-8). Suppose -f = 0, -h - 3*f = -0*f - 63. Let g = -52 + h. What is the greatest common factor of g and b?
11
Let j be (-2090)/(-20) + (-1 - 3/(-2)). Let q = 79 - 81. Let h be (-29)/q - (-9)/18. What is the greatest common factor of h and j?
15
Let l = 42256 + -17439. Calculate the greatest common divisor of l and 13.
13
Let n(f) = 333*f**2 + 16*f - 5. Let x be n(-3). Calculate the greatest common factor of x and 276.
92
Let g(r) = 23*r + 1811. Let y be g(-77). Calculate the highest common factor of y and 616.
8
Suppose 5 = -z + 11. Let p be (-83 - 2) + (1 - 6). Let t be ((-4)/z)/(20/p). What is the highest common factor of t and 1?
1
Let y = -2214 - -2844. What is the greatest common divisor of 240 and y?
30
Let k(r) = -3*r**3 + 4*r**2 - 2*r. Let l be k(2). Let w be (-105)/14*l/9. What is the greatest common divisor of 50 and w?
10
Suppose 0 = -6*s - 10*s - 240. Let d(u) = 6*u**2 + 88*u - 12. Let j be d(s). Let m be 2/4 - 323/(-2). Calculate the greatest common factor of m and j.
18
Suppose -12709 = -2299*h + 76952. Let s(w) = 225*w - 3. Let i be s(4). Calculate the greatest common factor of i and h.
39
Let c(q) = -6*q - 92. Let z be c(-17). Let a = 252 - 148. Suppose 3*r - 4*r - a = -2*p, 2*p - 120 = 5*r. What is the highest common divisor of z and p?
10
Let n = 193 + -189. Suppose -4*y - 2*x + 2625 = 491, n*y = 2*x + 2122. What is the highest common factor of y and 56?
28
Let u(j) be the first derivative of j**3/3 + 13*j**2/2 + 105*j + 216. Let n be u(-18). What is the highest common divisor of 90 and n?
15
Let b(g) = -5*g**2 + 6. Let t be b(-2). Let w be (t/(-4))/(-7)*-44. Let r be (4/22 - 0) + 282/w. Calculate the greatest common divisor of r and 13.
13
Suppose -4*i + 13 = 4*g - 7, 5*g + 5 = i. Suppose i = u - v, -u + v - 3*v - 4 = 0. Let p = -51813 - -51815. What is the greatest common factor of u and p?
2
Let u = -3022 - -3064. Calculate the greatest common factor of u and 553.
7
Let x = -655 - -767. Calculate the highest common factor of 1022 and x.
14
Let j = -2389 + 2632. What is the highest common divisor of 378 and j?
27
Let h = -4458 + 4608. What is the highest common divisor of h and 96?
6
Let c(y) = 4*y**3 + y**2 - 2*y - 4. Let s be c(2). Suppose 2*f - s = v, 10*f - 9*f - 14 = -4*v. Calculate the greatest common divisor of f and 21.
7
Suppose 31*g = a + 26*g - 29, 0 = 2*a + 2*g - 94. What is the highest common divisor of 781 and a?
11
Let c = -17463 - -22597. What is the greatest common factor of c and 238?
34
Let x(a) = -2*a**3 - 119*a**2 + 56*a - 211. Let s be x(-60). Calculate the greatest common factor of s and 551.
29
Let y(q) = 2*q + 1. Let a be y(-2). Let i = 5 + a. Let z be (3 - (-7 - -9))*(-1 - -9). Calculate the greatest common factor of i and z.
2
Let k(w) = 684*w + 5476. Let i be k(-8). Let r(b) = -3*b**3 - 3*b**2. Let m be r(-2). Calculate the greatest common factor of i and m.
4
Let h = -12631 + 12641. What is the highest common factor of h and 2540?
10
Suppose -1004*v + 480*v = -61308. Calculate the greatest common divisor of 1944 and v.
9
Let p(z) = 10*z**2 - 8*z - 4. Let w = -8 + 12. Let k be p(w). Let d = -25 + k. What is the greatest common factor of 11 and d?
11
Let v(w) = 2*w**2 + 153*w + 1072. Let q be v(-7). What is the greatest common divisor of 954 and q?
9
Let a be (-11 - (3 - 2))*(-416)/(-78). Let x = 97 + a. Calculate the highest common factor of 3 and x.
3
Suppose 0 = p + 4*a - 998, -5*p + 4973 = -0*a + 3*a. What is the highest common divisor of p and 14?
14
Let c(z) = -2*z**3 + 10*z**2 + 15*z - 33. Let w be c(6). Let h be ((-126)/35)/(w/700). What is the highest common divisor of h and 24?
24
Let o = 270 + -142. Let k = 63 - 77. Let h = k + 30. Calculate the highest common factor of h and o.
16
Let n = 947 - 172. Let u = n - 719. Let j(q) = -q**2 - q + 42. Let k be j(0). What is the highest common factor of u and k?
14
Suppose 5*h - 54 = -3*j + 15, 7 = -j. Calculate the highest common factor of h and 13086.
18
Suppose 2*h + 7*h = 432. Suppose 0 = 2*d + 7*d - 1125. Let u be (-200)/d*(-75 + 0). Calculate the highest common divisor of u and h.
24
Let b(a) = -a**2 + 27*a + 6. Let h = -41 - -68. Let t be b(h). Let p be (16/3)/((-4)/(-18)). Calculate the highest common divisor of t and p.
6
Suppose -159*s = -158*s - 32. Suppose -3*y + s = -5*m - 159, -4*y - 4*m = -212. Suppose 0*j - 76 = -2*j. What is the highest common factor of j and y?
19
Suppose 2*u + 5*p - 42 - 24 = 0, 18 = u + 5*p. Calculate the greatest common divisor of u and 81.
3
Let j(x) = x**2 - 27*x - 315. Let h be j(-15). Calculate the highest common divisor of 30 and h.
15
Suppose -124*x + 4451 = -8197. Suppose 0 = 4*k - 319 - 1109. What is the greatest common divisor of x and k?
51
Suppose -150 = -2*f + 86. What is the greatest common divisor of 1829 and f?
59
Suppose 6*m - 2*m = 3*c - 2, c + 31 = -5*m. Let q be (-63 + -3)/c*3. Let k be (1 + 1)/2 - -54. Calculate the highest common factor of q and k.
11
Suppose 4*c + 3*i - 705 = 0, -925 = -5*c + 18*i - 13*i. Calculate the greatest common divisor of c and 135.
45
Let o = -1339 - -1363. Calculate the greatest common factor of 594 and o.
6
Let b(s) = -20*s - 11. Let g be b(-4). Let t = g - 45. Suppose 39*m = 38*m + t. Calculate the greatest common divisor of m and 6.
6
Let x = -7423 + 7513. Calculate the greatest common factor of 195 and x.
15
Suppose l = 5 + 1. Let q be (l - -6)/(-1 - -2). Let f(a) = -a**2 + 8*a - 12. Let s be f(4). Calculate the greatest common divisor of q and s.
4
Let g be -2*(193 + -3)*(-11)/(440/96). Calculate the highest common facto